+ 3. Let o(s) = -17. Let m(v) = 10. Let g(c) = -5*m(c) - 3*o(c). Let r(n) = -4*g(n) + 2*q(n). Calculate r(-7).
16
Let r(b) be the third derivative of -1 + 0*b - 1/12*b**5 + 1/2*b**3 - 4*b**2 + 1/120*b**6 - 1/24*b**4. Determine r(3).
-18
Let g = 24 - 24. Suppose g = -7*j + 6*j - 2. Let y(d) = -d**3 - d - 1. Let v(h) = 3*h**3 - 3*h**2 + 6*h + 7. Let n(b) = v(b) + 5*y(b). Calculate n(j).
4
Let x(j) = -j**3 + 10*j**2 + 15*j - 1. Suppose 4*s + t - 48 = 0, -5*s = 3*t - 19 - 48. Calculate x(s).
43
Let t(p) be the third derivative of -p**7/5040 + 11*p**6/720 + 47*p**5/60 - 51*p**2. Let s(b) be the third derivative of t(b). Calculate s(8).
3
Let p(o) = -2*o + 2861 - 2859 + 0*o. Let r(a) = a - 1. Let f(j) = -4*p(j) - 10*r(j). Suppose 0 = -0*s + 5*s - 10. Give f(s).
-2
Suppose 5*x = 2*b + 34, -33 = 2*b - 29. Let g(r) = r**3 + 2 + 4*r + 2*r + 5 - 7*r**2. What is g(x)?
7
Let a(l) = 9*l**3 - 5*l**2 + 5*l + 21. Let c(b) = 19*b**3 - 11*b**2 + 11*b + 46. Let p(h) = -13*a(h) + 6*c(h). What is p(-3)?
72
Let o(f) = 41 + 10*f - 23 - 21 + f**2. Let w(m) = 10*m - 4. Let x(r) = -2*o(r) + 3*w(r). Determine x(4).
2
Let b(o) = -o**2 + 21*o + 100. Let t = -499 + 524. Let s be b(t). Let g(i) = -i. What is g(s)?
0
Let n(k) = -2*k**3 - k**2. Let j(p) = -23*p**3 - 8*p**2 + 4*p - 3. Let b(d) = -j(d) + 6*n(d). Calculate b(1).
12
Let f(i) = -4*i + 13 - 7 - 13. Let z be f(-2). Let g(a) = 7*a**3 - 2*a**2 + a. Calculate g(z).
6
Let b(w) = -2*w**2 + w + 58. Let q be b(6). Let l be (-72)/10 - (156/20 + q). Let m(y) = -y - 5. Determine m(l).
2
Let x(c) = -c**3 + 20*c**2 - 6*c - 14. Let a(w) = -2*w + 11*w**3 + 28 - 41*w**2 - 3*w - 9*w**3 + 7*w + 9*w. Let h(p) = -6*a(p) - 13*x(p). Give h(13).
1
Suppose 2*b - 2*u = 10, -5*b - 9 = -u - 26. Let y(s) = 3*s - 9. Determine y(b).
0
Let b(n) = -204*n**3 + 32*n**2 + 12*n - 7. Let o(c) = 34*c**3 - 5*c**2 - 2*c + 1. Let s(i) = 2*b(i) + 13*o(i). Give s(-1).
-34
Let d = 111 - 53. Let h(g) = -104 + 52 + d + 4*g. Determine h(-9).
-30
Let n(a) = -3*a + 6. Suppose -11*i = 16 - 71. Let o(j) = -j + 5 - 5*j + 30. Let v be o(i). Give n(v).
-9
Let b(p) = p**2 - 13*p - 7. Suppose 7*u + 16*u + 98 = 397. Calculate b(u).
-7
Let l(d) = -d**3 - 10*d**2 - 15*d - 36. Suppose 3*r - 36*u + 38*u + 39 = 0, 9 = -3*r + 3*u. What is l(r)?
18
Let o(l) = -4*l - 12. Let k(f) = f + 1. Let v(p) = 5*k(p) - o(p). Let b(x) = 4*x + 8. Let t(n) = 7*b(n) - 3*v(n). Suppose -32*a + 132 = -10*a. Determine t(a).
11
Let q be -1 + ((-2)/(-6))/((-2)/(-18)). Let z(h) = 98*h**2 - 9*h - 107*h**q + 10*h. What is z(1)?
-8
Let v(y) = -3*y - 7*y + y - 6*y + 16*y. Let d = 40 + -40. Calculate v(d).
0
Let p(m) = 11*m + 1083. Let f be p(-100). Let k(q) = -q**3 - 14*q**2 + 52*q + 13. Give k(f).
-4
Suppose 4*a + 5*d = 2417 - 2279, -3*d = -2*a + 80. Let r(k) = -k**3 + 36*k**2 + 34*k + 127. Calculate r(a).
16
Let u(q) = -q**2 + 6*q. Let d = -112 - -112. Let z be u(d). Let g(t) = -t - 17. Let r(m) = 6*m + 86. Let a(k) = 11*g(k) + 2*r(k). Give a(z).
-15
Let x = -309274 - -309274. Suppose -3*y = y. Let b(n) = -n**2 + n + y*n**2 + 2*n**2. Calculate b(x).
0
Let g(f) = -14*f**2 - 13*f - 7. Let o(p) = -3*p**2 - 3*p - 2. Let a(t) = -2*g(t) + 9*o(t). Let v be (9 - 2) + -4 + 2. Suppose -4 = 3*w + v. What is a(w)?
8
Let t(v) = -v**3 - 14*v**2 + 30*v - 35. Let n(d) = d**3 + 24*d**2 + 22*d - 39. Let s be n(-23). Calculate t(s).
-3
Suppose -79*g + 5411 = 220*g - 569. Let t(m) = -m**3 + 18*m**2 + 41*m - 26. Determine t(g).
-6
Let g = -31 - -30. Let l(b) = b. Let x(v) = 3*v. Let n be (-1)/(52/10 + -5). Let m(y) = n*l(y) + 4*x(y). Determine m(g).
-7
Let f(c) = -23*c**2 + 700*c - 1894. Let j be f(3). Let z(s) be the first derivative of -2/3*s**3 - 1 + s + 1/2*s**2. Give z(j).
-2
Let p(m) = -m**3 + 5*m**2 - 3*m + 4. Let j be (250/4)/((-41)/(-82)). Let u = -121 + j. What is p(u)?
8
Let g(u) = -u**3 - 5*u**2 + u - 3. Let l(n) = n**3 + 5*n**2 + 4. Let h(i) = 3*g(i) + 4*l(i). Let d(v) = -v**2 - 3*v + 23. Let w be d(-7). Calculate h(w).
-8
Let w(g) = -2*g**3 - 8*g**2 + g + 5. Let s be w(-4). Let v(y) be the first derivative of 7*y**4/4 + y + 1. What is v(s)?
8
Let h = -1 + 7. Let c be 30/(-9)*(12/10)/(-2). Let x(k) = 1 - 220*k + 2*k**2 + 224*k - 3*k**c. Give x(h).
-11
Let i(t) = 3*t. Let y(m) = m - 1. Let s(u) = -i(u) + y(u). Suppose -265*l + 90 = -515*l + 268*l. What is s(l)?
-11
Suppose -1404*p + 1532*p = -640. Let n(t) = -5*t + 2*t + 4*t + 1. Determine n(p).
-4
Let h be ((-630)/(-735))/((-3)/(-28))*(-5)/4. Let v(k) = k**3 + 9*k**2 - 20*k - 3. What is v(h)?
97
Let y(q) be the third derivative of -q**4/24 - q**3/6 - 133*q**2. Let j(a) = 3*a + 1. Let s be 0 - (-3)/(-6)*4. Let h be j(s). Calculate y(h).
4
Let w = 238 + -142. Suppose -i - w = -17*i. Let m(v) = v**3 - 6*v**2 - v + 10. Determine m(i).
4
Let x(n) = -458*n + 923. Let z be x(2). Let k(l) = -l**3 - 8*l**2 + 3*l - 4. Let g(j) = -3*j**3 - 17*j**2 + 7*j - 9. Let f(t) = 2*g(t) - 5*k(t). Calculate f(z).
-54
Let b be (50 - 1058)/36 + 28. Let j(g) = -g**3 + g**2 + 7*g - 1. Let z(d) = -5 + 9*d + d**2 - 3*d - d**3 + 3. Let q(o) = 6*j(o) - 7*z(o). Determine q(b).
8
Let m(c) = 41 - 10 - 4*c**3 + 9*c**2 - 47*c + 86*c - 42*c + 3*c**3. Determine m(9).
4
Let t be (-88)/20 + 2/5. Let l be (-6)/t + 57/6. Let q(c) = -4*c**2 + 4*c + 2. Let n(g) = 7*g**2 - 7*g - 4. Let w(d) = l*q(d) + 6*n(d). Give w(2).
-6
Let m(c) be the third derivative of c**6/144 - 47*c**4/24 - 2*c**2 - 7. Let g(v) be the second derivative of m(v). Calculate g(3).
15
Let i(j) = -j. Let d(f) = f**2 + 11*f - 4. Let b(y) = -y. Let w(l) = -2*b(l) - 2*d(l). Let z be w(-10). Suppose -z = -4*v + 6*v. What is i(v)?
4
Let n(f) = f + 1. Suppose -3*l + 7*l = 3*y - 76, -116 = -4*y - 2*l. Suppose -19*m - 54 = -y*m. What is n(m)?
7
Let k(i) = i**2 - 10*i + 14. Let b(n) = -n**3 + 4*n**2 + 133*n + 102. Let d be b(14). Calculate k(d).
-10
Let j(s) = -s**2 - 6*s. Let t(y) = -17*y + 52. Let w be t(-6). Let z = w - 160. Give j(z).
0
Let u(o) = -o**3 - 13*o**2 + 12*o - 10. Let y(l) = 34*l + 598. Let c be y(-18). Calculate u(c).
18
Let x(j) = -12*j + 1570*j**2 - 784*j**2 - j - 787*j**2 - 30. Determine x(-9).
6
Let s(m) = m**3 - 6*m**2 + 5*m + 8. Let t(o) = o**2 - 41*o - 92. Let r be t(44). Suppose 5*a + 7*d = 8*d + 35, 2*d = 5*a - r. Determine s(a).
38
Let a(o) be the first derivative of 0*o**2 - 117 - 1/4*o**4 + 4/3*o**3 + 4*o. What is a(4)?
4
Let f(b) = 4*b**2 - 81*b + 22. Let q(w) = 7*w**2 + 77*w + 20. Let g be q(-11). Determine f(g).
2
Let k(v) = -v**2 + 92*v - 3 - 90*v + 11 - 6 - 10. Calculate k(-4).
-32
Let u(c) be the second derivative of -c**3/6 - 2*c**2 + c + 83. Suppose b + 2*r - 2 = 0, -41 = -3*b + 2*r - r. Determine u(b).
-16
Let i(h) = 61 + 30 - 62 + 4*h. Calculate i(-11).
-15
Suppose -42 - 66 = -68*w + 28. Let p(h) = -h**3 + 3*h - 2. Determine p(w).
-4
Let r be ((-31031)/(-189))/(-11) + (-2)/27. Let l(a) = a**2 + 20*a + 49. Give l(r).
-26
Let h(o) = -38*o**3 - 9 + 12 + 75*o**3 + 1 - 7*o - 38*o**3 + 5*o**2. Suppose d - 4*d + 15 = 0. Determine h(d).
-31
Let l(o) = o**2 - 6*o + 2. Let z(u) = -u**2 + 10*u - 4. Suppose 3*p + 0*s = 2*s + 12, -s - 3 = 0. Suppose 12*w - 90 = p*w. Let f be z(w). What is l(f)?
-3
Suppose 6 - 2 = 2*i. Let s(g) = g**3 + 13*g**2 + 19*g + 89. Let a be s(-12). Let r(n) = -i*n**2 - 1 - a + n**2 + 7*n + 3. What is r(6)?
3
Let p(d) be the second derivative of 40*d + 7/6*d**3 - 1/24*d**4 + 1/60*d**5 + 0 + 16*d**2. Let m(g) be the first derivative of p(g). Determine m(0).
7
Let q(p) = 321*p - 321. Let l be q(1). Let a(z) be the third derivative of -2/3*z**3 - 1/60*z**5 - 5/24*z**4 + 4*z**2 + l*z + 0. Give a(-4).
0
Let n(a) = 220*a**3 - 2*a**2 + 7*a + 7. Let j(h) = 115*h**3 - h**2 + 4*h + 4. Let m(i) = 7*j(i) - 4*n(i). Calculate m(1).
-74
Let j be (35/(-20))/(3/(-12)). Let o be (-6)/36*-6 + (0 - j). Let h(v) = v**3 + 8*v**2 + 12*v + 5. Let p be h(o). Let f(k) = -k**3 + 5*k**2 - k + 2. Give f(p).
-3
Let x(v) be the first derivative of v**6/120 - v**5/10 - v**4/4 - v**3/2 - 20*v**2 - 86. Let z(w) be the second derivative of x(w). Determine z(7).
4
Let c(j) = 2*j**3 - 24*j**2 + 3*j + 13. Let y(r) = r**3 - 9*r**2 + r + 6. Let h(f) = 2*c(f) - 5*y(f). Suppose 3*x + 9 = -3. Give h(x).
8
Let c(u) be the second derivative of -5*u**3/6 + 21*u**2/2 + 92847*u. Let m(p) = p**2 + p - 2. Let n be m(2). Give c(n).
1
Let m(p